 12. Suppose -21*u = -24*u - 12. Let j be n(u). Let f(c) = -c**3 - 5*c**2 - 3*c + 1. What is f(j)?
-3
Let z be (-3)/(-9)*9/(-1 - -2). Let v(f) = 0*f**2 - 6 - 3*f**2 - f**z - f + 3*f**2. Determine v(0).
-6
Let t(v) = -v**2 + 2*v + 4. Let o be ((-1881)/44)/(-19) - (-3)/4. What is t(o)?
1
Let m(y) = -y**3 + 3*y**2 - y - 1. Let j(r) = 3*r + 3. Let x(n) = -n**2 - 9*n - 14. Let z be x(-7). Let a be j(z). Give m(a).
-4
Suppose -35 - 10 = -5*f. Suppose -3*o - 6 = -3*q + f, 2*o = q - 5. Suppose -3 = -l, i + l + 2*l - 12 = o. Let u(s) = s**2 - 2*s - 1. Calculate u(i).
2
Let o be 5/4*-2*(2 + -4). Let i(q) = q**2 - 9*q + 3. Give i(o).
-17
Let r(k) = -7*k**2 + 3. Let b(x) = 9*x**2 + x - 3. Let z(v) = 3*b(v) + 4*r(v). Determine z(4).
-1
Let z(i) = -4*i**2 + i**3 - 2*i**3 + 3*i - 2 + 0. Let v(a) = 2*a**3 + a**2 - 2*a - 2. Let c be v(-3). Let j = 36 + c. Calculate z(j).
8
Let u(q) = 5*q. Let j(g) = -7*g + 1. Let i be (-48)/(-8)*(-2)/(-4). Let a(k) = i*u(k) + 2*j(k). Let o be (14/2)/(2 + -1). Calculate a(o).
9
Let t be -3*(-10*(-2)/(-4) - -7). Let a(z) = -z**2 - 7*z + 8. Give a(t).
14
Let d(l) = -10*l + 1. Let m(b) = -b**3 - 7*b**2 - 13*b - 14. Let w be m(-5). Determine d(w).
-9
Let r(a) be the second derivative of -a**5/12 + a**4/24 + 23*a**3/3 - 20*a. Let q(x) be the second derivative of r(x). Determine q(3).
-29
Let a = 24 + -4. Let g be (156/(-130))/((-17)/a - -1). Let s(p) = -p**3 + 3*p**2 + 4*p**2 - 9 + 2*p**3 - 8*p. What is s(g)?
-9
Let r(a) = -18*a**2 + 5*a - 20. Let h(i) = -13*i**2 + 3*i - 14. Let k(z) = 7*h(z) - 5*r(z). Suppose -4*w - 25 = -5*g + 11, 16 = -2*w + 2*g. What is k(w)?
2
Let u(i) be the third derivative of -1/6*i**3 - 6*i**2 + 0 - 1/8*i**4 + 0*i. Calculate u(-6).
17
Let x(w) = w**2 - w - 1. Let c(f) = -f**2 + 5*f + 2. Let q be c(5). Calculate x(q).
1
Let q(x) = x - 5. Let g(b) = -1. Let u(l) = 5*g(l) + q(l). Suppose -16 = -4*n - 5*z, -n - 2*z = 3*z + 11. Calculate u(n).
-1
Let r(t) be the first derivative of -t**2/2 + 3*t - 2. Let k be 16/12 + 4/(-24)*-22. Calculate r(k).
-2
Let m(q) = 9*q - 5. Let f(y) = -3*y + 2*y + 2*y - 155 + 154. Let t(d) = -2*f(d) + m(d). Determine t(2).
11
Let x be (2 + (-10)/4)*(0 - 4). Suppose p + 1 + 5 = -2*y, x = 2*y + 5*p. Let r(t) = t**3 + 4*t**2 + 2*t + 5. What is r(y)?
-3
Let g(u) be the first derivative of -u**4/4 + 3*u**2/2 + 2*u + 1. Suppose -11*h + 13*h = 4*f, -3 = 2*h - f. Give g(h).
4
Suppose -3*f - 2 + 5 = 0. Let w(t) be the third derivative of -t**6/24 - t**5/30 + t**3/6 - 56*t**2. Calculate w(f).
-6
Let i(s) = -s**2 + 2*s + 1. Let w be (2*(-15)/20)/(3/186). Let o = 91 + w. Calculate i(o).
-7
Let f(v) = v + 8. Let s(x) = -x - 7. Let r(g) = 3*f(g) + 4*s(g). Let j be (-104)/18 + 2/(-9). What is r(j)?
2
Let d = -7 + 9. Suppose a = 0, -d*h - a - 12 = h. Let u(w) be the third derivative of w**6/120 + w**5/20 - 5*w**4/24 + w**3/3 - 11*w**2. Calculate u(h).
6
Let u(c) = -c**2 + 16*c - 5. Suppose 2*b - 29 = y, -4*b = -4*y + 6*y - 62. Calculate u(b).
10
Let u(i) = -3*i + 6. Let k be 392/40 + (-2)/30*-3. Let q be (-10)/3*(-12)/k. Determine u(q).
-6
Let q(f) = 1 - 10*f - 3 + 3 + 319*f**3 + 12*f**2 - 320*f**3. Give q(11).
12
Let u(i) be the third derivative of i**8/3360 + i**7/2520 - i**6/720 + 7*i**5/60 - i**2. Let g(a) be the third derivative of u(a). Determine g(1).
7
Let c = 4 + -4. Let t be (-9)/3 - (2 - c). Let g(f) = f**2 + 5*f + 5. Let v be g(t). Let z(j) = j**3 - 4*j**2 - 6*j + 1. What is z(v)?
-4
Let l(q) = q**2 + 7*q + 6. Let k(y) = y**2 - 8*y + 6. Suppose 0 = -2*i + 5*b + 28, -5*b - 36 = -i - 3*i. Let s be k(i). Let p = 5 + s. Calculate l(p).
-4
Let b(x) be the third derivative of -x**4/24 - 2*x**3 - 10*x**2. Let s be b(-7). Let a(h) = -4*h + 1. What is a(s)?
21
Let t(j) be the first derivative of j + 11 + 1/2*j**2. What is t(2)?
3
Let r(h) = -h**3 + 2*h**2 - h - 1. Let x(n) = 3*n**2 - 10*n - 46. Let o be x(6). Determine r(o).
-3
Let t = 431 + -434. Let i(s) = s**3 + 3*s**2 - s + 3. Give i(t).
6
Let t(j) = j**2 + 0*j**2 + 5754 - 5759. Determine t(3).
4
Let z = -42 - -45. Let k(d) = z*d + d + 0 - 7 + 8. Let b be -4 - 2/3*-3. Calculate k(b).
-7
Suppose -w = 2*v - 15, -v = w - 2*w - 6. Let u(t) = -v*t - t + t. What is u(1)?
-7
Let i(g) be the third derivative of g**6/24 + g**5/30 - g**4/12 + g**3/6 + 2*g**2. Let f be (-36)/24 + (-14)/(-4). Suppose -y = f - 3. Give i(y).
6
Let h(p) = -p - 311 + 164 + 157 + 0*p. Determine h(11).
-1
Let l(g) = -g**3 + 8*g**2 - 3*g + 3. Let s(v) = -v**2 + 58*v - 158. Let i be s(55). Give l(i).
31
Let o(x) be the third derivative of 11*x**4/24 + 2*x**3/3 - 83*x**2. Determine o(-3).
-29
Let f(a) be the second derivative of a**3/2 - 12*a**2 - 40*a. Determine f(9).
3
Let k be 45/18 - (-3)/2. Let h(p) = -6*p. What is h(k)?
-24
Let b(t) = -t**2 + 6*t + 1. Let u = -10 - 2. Let k be 9 + u/(-4) + -7. What is b(k)?
6
Let i(j) be the first derivative of j**3/3 - 6*j**2 + 4*j + 279. Give i(12).
4
Let b = 2 - 48. Let o = 47 + b. Let t(x) = 4*x - 1. What is t(o)?
3
Let w(o) = -4*o - 1. Let d(j) = 20*j - 7. Let m(q) = -d(q) - 4*w(q). What is m(10)?
-29
Let r(j) = j**3 - j**2 + 4*j - 3. Suppose 3*b = -4*u - 33, 0*u = -5*b + 3*u - 26. Let n = 0 + b. Let f be 5*n/(140/(-8)). What is r(f)?
9
Let v be 110/22 + -2 + 4 + 0. Let g(r) = -r + 22. Give g(v).
15
Suppose 0 = 3*k - s - 34 - 44, -2*k + s + 53 = 0. Suppose k = b + 4*b. Let v = b + -8. Let m(x) = -x**2 - 3*x + 3. Determine m(v).
3
Let p(x) = 2*x**2 - 8. Let h be p(-2). Let w(j) be the third derivative of -1/60*j**5 - 5/6*j**3 - 2*j**2 + 0*j + h - 5/24*j**4. Determine w(-5).
-5
Suppose -10 = -12*g + 7*g. Let u(z) = 6*z**2 - 14*z**2 + 4 + 7*z**2 - 6*z - g. Give u(-5).
7
Let n be (-3)/(-1) + (-10)/(-2). Let d(o) be the second derivative of o**4/12 - 3*o**3/2 + 5*o**2/2 + 22*o + 4. Determine d(n).
-3
Suppose 0 = -3*v - 29 - 22. Let g(j) = -5*j + 4. Let h(x) = -14*x + 11. Let z(w) = v*g(w) + 6*h(w). Calculate z(0).
-2
Let x(r) = -3*r**2 - 13*r - 46. Let u(n) = 2*n**2 + 8*n + 31. Let y(t) = 7*u(t) + 5*x(t). Calculate y(-8).
-5
Let m(s) = -7 + 0*s - s - 2. Let z(d) = 3*d + 27. Let w(q) = -17*m(q) - 6*z(q). Let t = 8 + -14. Calculate w(t).
-3
Let t be (-25)/(-7) + (-30)/(-70). Suppose p = -2*b + t, -4*b + 4*p - 3*p + 14 = 0. Let c(m) = -m**3 + m**2 + m - 3. Determine c(b).
-18
Let l(o) = -o**2 - 4*o - 9. Suppose -7*f = -61 - 2. Let b(k) = 5*k**2 + 16*k + 37. Let x(j) = f*l(j) + 2*b(j). What is x(5)?
-2
Let h(g) = -2 + 2 + 21*g**2 - 48*g**2 - 37*g**2. Calculate h(-1).
-64
Let v(b) = b**3 + 4*b**2 - 2*b + 7. Suppose 2 + 10 = -4*f. Let q = f + 4. Suppose 0 = -c - 6 + q. Give v(c).
-8
Let u(h) = 5*h**3 + h**2 + 2*h + 1. Let v(q) = -q**3 + 3*q**2 + 5*q + 3. Let i be v(-2). Suppose 3*a - i = 2*a. Let l = a - 14. Determine u(l).
-5
Let z(c) be the second derivative of c**5/20 - 3*c**4/4 + c**3 + 8*c**2 - 3*c + 9. What is z(8)?
0
Let a(f) = -f**3 + 6*f**2 + 2*f - 1. Suppose -55*x + 37*x + 108 = 0. Give a(x).
11
Let p(v) be the third derivative of -v**4/24 + v**3/6 + 125*v**2. Determine p(2).
-1
Suppose -3*b = -13 - 14. Let k(u) = 113 - 59 - 3*u + 2*u - 55. What is k(b)?
-10
Let i(y) = -y**3 + 6*y**2 - 6*y - 3. Let b = -865 - -870. Calculate i(b).
-8
Let g(s) = 9*s - 3. Let y be 5/150*6 + (-21)/5. Determine g(y).
-39
Let i be -7 - -1 - (3 - 2). Let g(m) = 4*m + 4. Let a(b) = -b - 1. Let v(z) = -7*a(z) - 2*g(z). Give v(i).
6
Let d(t) be the third derivative of t**5/60 + 5*t**4/24 + 5*t**3/6 - t**2. Let c = -30 - -34. Suppose -c = -g + 5*x - 14, -2 = -2*x. Determine d(g).
5
Let n be (15/6)/(-1)*-2. Let c(w) be the third derivative of -w**6/720 + w**5/40 + w**4/6 - 10*w**2. Let u(y) be the second derivative of c(y). Calculate u(n).
-2
Suppose 9*v - 4*v = -25. Let q(f) = 9*f + 3 - 109*f**2 + 110*f**2 + 0. What is q(v)?
-17
Suppose -6*x - 318 + 306 = 0. Let n(l) = -6*l**2 + l - 2. What is n(x)?
-28
Let g(i) = -5*i**2 - 4*i - 7. Let s(b) = -12*b**2 - 6*b - 15. Let w(f) = 5*g(f) - 2*s(f). What is w(-7)?
2
Let p(r) = -4*r. Let l(b) = -55*b**3 + 2*b**2 - b + 1. Let k be l(1). Let n = 55 + k. Determine p(n).
-8
Let k(l) = l**2 + 7*l + 3. Let v be 9 + -13 + (-4)/4 + -4. Determine k(v).
21
Let t = -19 + 53. Suppose s + 4*l - 10 = 0, -4*l + t - 12 = -5*s. Let y(o) = -o**3 + o**2 + 4*o + 3. Calculate y(s).
7
Let b be (-31 + 29)*(-5)/(-2). Let a(h) be the third de